{"id":42,"date":"2025-09-10T19:35:50","date_gmt":"2025-09-10T17:35:50","guid":{"rendered":"https:\/\/powerzonegym.cezaryzagorski.pl\/?page_id=42"},"modified":"2025-09-11T23:56:14","modified_gmt":"2025-09-11T21:56:14","slug":"o-klubie","status":"publish","type":"page","link":"https:\/\/powerzonegym.cezaryzagorski.pl\/?page_id=42","title":{"rendered":"O klubie"},"content":{"rendered":"\t\t<div data-elementor-type=\"page\" data-elementor-id=\"42\" class=\"elementor elementor-42\" data-elementor-post-type=\"page\">\n\t\t\t\t<div class=\"elementor-element elementor-element-166dc6b e-con-full e-flex e-con e-parent\" data-id=\"166dc6b\" data-element_type=\"container\" data-settings=\"{&quot;background_background&quot;:&quot;classic&quot;}\">\n\t\t\t\t<div class=\"elementor-element elementor-element-1f080c8 elementor-widget elementor-widget-heading\" data-id=\"1f080c8\" data-element_type=\"widget\" data-widget_type=\"heading.default\">\n\t\t\t\t\t<h2 class=\"elementor-heading-title elementor-size-default\">Pare s\u0142\u00f3w o nas<\/h2>\t\t\t\t<\/div>\n\t\t\t\t<div class=\"elementor-element elementor-element-dd83ea8 elementor-widget elementor-widget-text-editor\" data-id=\"dd83ea8\" data-element_type=\"widget\" data-widget_type=\"text-editor.default\">\n\t\t\t\t\t\t\t\t\t<p data-start=\"241\" data-end=\"534\">PowerZone Gym to miejsce, w kt\u00f3rym trening staje si\u0119 stylem \u017cycia, a nie przykrym obowi\u0105zkiem. Naszym celem by\u0142o stworzenie przestrzeni, w kt\u00f3rej ka\u017cdy \u2013 bez wzgl\u0119du na wiek, p\u0142e\u0107 czy poziom zaawansowania \u2013 znajdzie dla siebie idealne warunki do pracy nad sylwetk\u0105, zdrowiem i samopoczuciem.<\/p><p data-start=\"536\" data-end=\"929\">Nasza si\u0142ownia to ponad <strong data-start=\"560\" data-end=\"607\">1000 m\u00b2 nowoczesnej powierzchni treningowej<\/strong>, podzielonej na wygodne i przejrzyste strefy. Dzi\u0119ki temu mo\u017cesz wybra\u0107 dok\u0142adnie taki trening, jaki lubisz: cardio, si\u0142owy, funkcjonalny czy zaj\u0119cia grupowe. Sprz\u0119t renomowanych marek, wolne ci\u0119\u017cary, przestronne sale i strefa relaksu sprawiaj\u0105, \u017ce PowerZone Gym spe\u0142nia oczekiwania nawet najbardziej wymagaj\u0105cych os\u00f3b.<\/p><p data-start=\"931\" data-end=\"1357\">Ale PowerZone Gym to nie tylko sprz\u0119t i m\u00b2 \u2013 to przede wszystkim <strong data-start=\"996\" data-end=\"1018\">ludzie i atmosfera<\/strong>. Nasz zesp\u00f3\u0142 sk\u0142ada si\u0119 z do\u015bwiadczonych trener\u00f3w personalnych i instruktor\u00f3w, kt\u00f3rzy nie tylko przygotuj\u0105 plan treningowy, ale tak\u017ce b\u0119d\u0105 Twoj\u0105 motywacj\u0105 i wsparciem na ka\u017cdym etapie drogi. Tworzymy spo\u0142eczno\u015b\u0107 os\u00f3b, kt\u00f3re wzajemnie si\u0119 inspiruj\u0105 i dodaj\u0105 sobie energii, aby ka\u017cdy trening by\u0142 kolejnym krokiem do lepszej wersji siebie.<\/p><p data-start=\"1359\" data-end=\"1430\">\ud83d\udc49 PowerZone Gym to klub dla Ciebie, je\u015bli szukasz miejsca, w kt\u00f3rym:<\/p><ul data-start=\"1431\" data-end=\"1748\"><li data-start=\"1431\" data-end=\"1535\"><p data-start=\"1433\" data-end=\"1535\">poczujesz si\u0119 swobodnie \u2013 niezale\u017cnie od tego, czy dopiero zaczynasz, czy masz ju\u017c lata do\u015bwiadcze\u0144,<\/p><\/li><li data-start=\"1536\" data-end=\"1607\"><p data-start=\"1538\" data-end=\"1607\">znajdziesz profesjonaln\u0105 opiek\u0119 i praktyczne wskaz\u00f3wki od trener\u00f3w,<\/p><\/li><li data-start=\"1608\" data-end=\"1664\"><p data-start=\"1610\" data-end=\"1664\">po\u0142\u0105czysz wysi\u0142ek fizyczny z relaksem i regeneracj\u0105,<\/p><\/li><li data-start=\"1665\" data-end=\"1748\"><p data-start=\"1667\" data-end=\"1748\">spotkasz ludzi, kt\u00f3rzy \u2013 tak jak Ty \u2013 stawiaj\u0105 na zdrowie i aktywny tryb \u017cycia.<\/p><\/li><\/ul>\t\t\t\t\t\t\t\t<\/div>\n\t\t\t\t<\/div>\n\t\t<div class=\"elementor-element elementor-element-80c4e8e e-con-full e-flex e-con e-parent\" data-id=\"80c4e8e\" data-element_type=\"container\" data-settings=\"{&quot;background_background&quot;:&quot;classic&quot;}\">\n\t\t<div class=\"elementor-element elementor-element-ec05ff6 e-con-full e-flex e-con e-child\" data-id=\"ec05ff6\" data-element_type=\"container\">\n\t\t\t\t<div class=\"elementor-element elementor-element-8c5afae elementor-widget elementor-widget-heading\" data-id=\"8c5afae\" data-element_type=\"widget\" data-widget_type=\"heading.default\">\n\t\t\t\t\t<h2 class=\"elementor-heading-title elementor-size-default\">Skontaktuj si\u0119 z nami i zacznij swoj\u0105 przygod\u0119 ju\u017c dzisiaj <\/h2>\t\t\t\t<\/div>\n\t\t<div class=\"elementor-element elementor-element-4c0c70f e-con-full e-flex e-con e-child\" data-id=\"4c0c70f\" data-element_type=\"container\">\n\t\t\t\t<div class=\"elementor-element elementor-element-143065b eael-wpforms-form-button-full-width elementor-widget__width-initial eael-wpforms-labels-yes elementor-widget elementor-widget-eael-wpforms\" data-id=\"143065b\" data-element_type=\"widget\" data-widget_type=\"eael-wpforms.default\">\n\t\t\t\t\t            <div class=\"eael-contact-form eael-wpforms eael-wpforms-align-default\">\n                                <div class=\"wpforms-container wpforms-container-full wpforms-render-modern\" id=\"wpforms-86\"><form id=\"wpforms-form-86\" class=\"wpforms-validate wpforms-form wpforms-ajax-form\" data-formid=\"86\" method=\"post\" enctype=\"multipart\/form-data\" action=\"\/index.php?rest_route=%2Fwp%2Fv2%2Fpages%2F42\" data-token=\"55d0816f226b5570b84cabcaec836990\" data-token-time=\"1776600696\"><div class=\"wpforms-head-container\"><\/div><noscript class=\"wpforms-error-noscript\">Please enable JavaScript in your browser to complete this form.<\/noscript><div id=\"wpforms-error-noscript\" style=\"display: none;\">Please enable JavaScript in your browser to complete this form.<\/div><div class=\"wpforms-field-container\"><div id=\"wpforms-86-field_1-container\" class=\"wpforms-field wpforms-field-name\" data-field-id=\"1\"><input type=\"text\" id=\"wpforms-86-field_1\" class=\"wpforms-field-medium wpforms-field-required\" name=\"wpforms[fields][1]\" placeholder=\"Imie i Nazwisko\" aria-errormessage=\"wpforms-86-field_1-error\" required><\/div><div id=\"wpforms-86-field_2-container\" class=\"wpforms-field wpforms-field-email\" data-field-id=\"2\"><input type=\"email\" id=\"wpforms-86-field_2\" class=\"wpforms-field-medium wpforms-field-required\" name=\"wpforms[fields][2]\" placeholder=\"Adres Email\" spellcheck=\"false\" aria-errormessage=\"wpforms-86-field_2-error\" required><\/div>\t\t<div id=\"wpforms-86-field_4-container\"\n\t\t\tclass=\"wpforms-field wpforms-field-text\"\n\t\t\tdata-field-type=\"text\"\n\t\t\tdata-field-id=\"4\"\n\t\t\t>\n\t\t\t<label class=\"wpforms-field-label\" for=\"wpforms-86-field_4\" ><\/label>\n\t\t\t<input type=\"text\" id=\"wpforms-86-field_4\" class=\"wpforms-field-medium\" name=\"wpforms[fields][4]\" >\n\t\t<\/div>\n\t\t<div id=\"wpforms-86-field_5-container\" class=\"wpforms-field wpforms-field-text\" data-field-id=\"5\"><input type=\"text\" id=\"wpforms-86-field_5\" class=\"wpforms-field-medium\" name=\"wpforms[fields][5]\" placeholder=\"Numer Telefonu\" aria-errormessage=\"wpforms-86-field_5-error\" ><\/div><div id=\"wpforms-86-field_3-container\" class=\"wpforms-field wpforms-field-textarea\" data-field-id=\"3\"><textarea id=\"wpforms-86-field_3\" class=\"wpforms-field-medium\" name=\"wpforms[fields][3]\" placeholder=\"Wpisz swoj\u0105 wiadomo\u015b\u0107\" aria-errormessage=\"wpforms-86-field_3-error\" ><\/textarea><\/div><script>\n\t\t\t\t( function() {\n\t\t\t\t\tconst style = document.createElement( 'style' );\n\t\t\t\t\tstyle.appendChild( document.createTextNode( '#wpforms-86-field_4-container { position: absolute !important; overflow: hidden !important; display: inline !important; height: 1px !important; width: 1px !important; z-index: -1000 !important; padding: 0 !important; } #wpforms-86-field_4-container input { visibility: hidden; } #wpforms-conversational-form-page #wpforms-86-field_4-container label { counter-increment: none; }' ) );\n\t\t\t\t\tdocument.head.appendChild( style );\n\t\t\t\t\tdocument.currentScript?.remove();\n\t\t\t\t} )();\n\t\t\t<\/script><\/div><!-- .wpforms-field-container --><div class=\"wpforms-submit-container\" ><input type=\"hidden\" name=\"wpforms[id]\" value=\"86\"><input type=\"hidden\" name=\"page_title\" value=\"\"><input type=\"hidden\" name=\"page_url\" value=\"https:\/\/powerzonegym.cezaryzagorski.pl\/index.php?rest_route=\/wp\/v2\/pages\/42\"><input type=\"hidden\" name=\"url_referer\" value=\"\"><button type=\"submit\" name=\"wpforms[submit]\" id=\"wpforms-submit-86\" class=\"wpforms-submit\" data-alt-text=\"Wysy\u0142anie...\" data-submit-text=\"Prze\u015blij\" aria-live=\"assertive\" value=\"wpforms-submit\">Prze\u015blij<\/button><img decoding=\"async\" src=\"https:\/\/powerzonegym.cezaryzagorski.pl\/wp-content\/plugins\/wpforms\/assets\/images\/submit-spin.svg\" class=\"wpforms-submit-spinner\" style=\"display: none;\" width=\"26\" height=\"26\" alt=\"Loading\"><\/div><\/form><\/div>  <!-- .wpforms-container -->            <\/div>\n\t\t\t\t<\/div>\n\t\t\t\t<\/div>\n\t\t\t\t<\/div>\n\t\t\t\t<\/div>\n\t\t\t\t<\/div>\n\t\t","protected":false},"excerpt":{"rendered":"<p>Pare s\u0142\u00f3w o nas PowerZone Gym to miejsce, w kt\u00f3rym trening staje si\u0119 stylem \u017cycia, a nie przykrym obowi\u0105zkiem. Naszym [&hellip;]<\/p>\n","protected":false},"author":1,"featured_media":0,"parent":0,"menu_order":0,"comment_status":"closed","ping_status":"closed","template":"elementor_header_footer","meta":{"site-sidebar-layout":"no-sidebar","site-content-layout":"","ast-site-content-layout":"full-width-container","site-content-style":"unboxed","site-sidebar-style":"default","ast-global-header-display":"","ast-banner-title-visibility":"","ast-main-header-display":"","ast-hfb-above-header-display":"","ast-hfb-below-header-display":"","ast-hfb-mobile-header-display":"","site-post-title":"","ast-breadcrumbs-content":"","ast-featured-img":"disabled","footer-sml-layout":"","theme-transparent-header-meta":"","adv-header-id-meta":"","stick-header-meta":"","header-above-stick-meta":"","header-main-stick-meta":"","header-below-stick-meta":"","astra-migrate-meta-layouts":"default","ast-page-background-enabled":"default","ast-page-background-meta":{"desktop":{"background-color":"var(--ast-global-color-5)","background-image":"","background-repeat":"repeat","background-position":"center center","background-size":"auto","background-attachment":"scroll","background-type":"","background-media":"","overlay-type":"","overlay-color":"","overlay-opacity":"","overlay-gradient":""},"tablet":{"background-color":"","background-image":"","background-repeat":"repeat","background-position":"center center","background-size":"auto","background-attachment":"scroll","background-type":"","background-media":"","overlay-type":"","overlay-color":"","overlay-opacity":"","overlay-gradient":""},"mobile":{"background-color":"","background-image":"","background-repeat":"repeat","background-position":"center center","background-size":"auto","background-attachment":"scroll","background-type":"","background-media":"","overlay-type":"","overlay-color":"","overlay-opacity":"","overlay-gradient":""}},"ast-content-background-meta":{"desktop":{"background-color":"var(--ast-global-color-4)","background-image":"","background-repeat":"repeat","background-position":"center center","background-size":"auto","background-attachment":"scroll","background-type":"","background-media":"","overlay-type":"","overlay-color":"","overlay-opacity":"","overlay-gradient":""},"tablet":{"background-color":"var(--ast-global-color-4)","background-image":"","background-repeat":"repeat","background-position":"center center","background-size":"auto","background-attachment":"scroll","background-type":"","background-media":"","overlay-type":"","overlay-color":"","overlay-opacity":"","overlay-gradient":""},"mobile":{"background-color":"var(--ast-global-color-4)","background-image":"","background-repeat":"repeat","background-position":"center center","background-size":"auto","background-attachment":"scroll","background-type":"","background-media":"","overlay-type":"","overlay-color":"","overlay-opacity":"","overlay-gradient":""}},"footnotes":""},"class_list":["post-42","page","type-page","status-publish","hentry"],"_links":{"self":[{"href":"https:\/\/powerzonegym.cezaryzagorski.pl\/index.php?rest_route=\/wp\/v2\/pages\/42","targetHints":{"allow":["GET"]}}],"collection":[{"href":"https:\/\/powerzonegym.cezaryzagorski.pl\/index.php?rest_route=\/wp\/v2\/pages"}],"about":[{"href":"https:\/\/powerzonegym.cezaryzagorski.pl\/index.php?rest_route=\/wp\/v2\/types\/page"}],"author":[{"embeddable":true,"href":"https:\/\/powerzonegym.cezaryzagorski.pl\/index.php?rest_route=\/wp\/v2\/users\/1"}],"replies":[{"embeddable":true,"href":"https:\/\/powerzonegym.cezaryzagorski.pl\/index.php?rest_route=%2Fwp%2Fv2%2Fcomments&post=42"}],"version-history":[{"count":11,"href":"https:\/\/powerzonegym.cezaryzagorski.pl\/index.php?rest_route=\/wp\/v2\/pages\/42\/revisions"}],"predecessor-version":[{"id":176,"href":"https:\/\/powerzonegym.cezaryzagorski.pl\/index.php?rest_route=\/wp\/v2\/pages\/42\/revisions\/176"}],"wp:attachment":[{"href":"https:\/\/powerzonegym.cezaryzagorski.pl\/index.php?rest_route=%2Fwp%2Fv2%2Fmedia&parent=42"}],"curies":[{"name":"wp","href":"https:\/\/api.w.org\/{rel}","templated":true}]}}